2111322
In base 3, what is -101 - -2100010?
2022202
In base 16, what is -1 + -41a9?
-41aa
In base 14, what is 3 + -1b9dc?
-1b9d9
In base 8, what is 1 - 151574?
-151573
In base 8, what is 136 - 6260?
-6122
In base 8, what is -2335 + -14?
-2351
In base 5, what is -10144 + -1133?
-11332
In base 2, what is 11101100011111 + -1?
11101100011110
In base 2, what is 11 + -1001011011011010?
-1001011011010111
In base 7, what is 3065 + 3220?
6315
In base 15, what is 4755 - 1?
4754
In base 7, what is 2 + 1452666?
1453001
In base 15, what is -3 - -2bc2e?
2bc2b
In base 11, what is 4 + 41756?
4175a
In base 13, what is 46 + -c649?
-c603
In base 16, what is 732 + -42?
6f0
In base 14, what is -2d2277 + -5?
-2d227c
In base 15, what is 385 + -a?
37a
In base 8, what is -1 + 552711?
552710
In base 5, what is 13114 - -2?
13121
In base 5, what is 34020 + 10?
34030
In base 4, what is -332 - -3202?
2210
In base 13, what is -194 - 78?
-23c
In base 10, what is -3 + 511378?
511375
In base 15, what is -176 + -1830?
-19a6
In base 16, what is -aa1 - 874?
-1315
In base 7, what is -1 + 10033?
10032
In base 2, what is 11001110 - -111110?
100001100
In base 4, what is -3231312 - 10?
-3231322
In base 5, what is -33233304 + 1?
-33233303
In base 16, what is -1067c + 5?
-10677
In base 4, what is 13 + -1031311?
-1031232
In base 4, what is 23201 - -1222201?
1312002
In base 12, what is -3 - 20317?
-2031a
In base 10, what is -66 - 910?
-976
In base 11, what is -5 + 14a38?
14a33
In base 7, what is 4400 + 2420?
10120
In base 13, what is -b0b94 - -a?
-b0b87
In base 14, what is 2b550 - 2?
2b54c
In base 4, what is -3020 + -23031?
-32111
In base 6, what is -431 + 311?
-120
In base 15, what is -16030 + -2?
-16032
In base 10, what is 1777 + 99?
1876
In base 2, what is -11 + 1101000111?
1101000100
In base 12, what is 1992b + -6?
19925
In base 9, what is 16855 - -3?
16858
In base 6, what is 5 - 33554354?
-33554345
In base 3, what is 11 + -200222100?
-200222012
In base 8, what is -23453 - 70?
-23543
In base 12, what is 437 - -20?
457
In base 9, what is 112 + -25478?
-25366
In base 10, what is 416 - -287?
703
In base 12, what is 11a + 11b8?
1316
In base 14, what is -b + 5184c?
51841
In base 12, what is -100b31 - -10?
-100b21
In base 13, what is -6c6411 - 4?
-6c6415
In base 6, what is 5 - -21104223?
21104232
In base 11, what is 64904 + -22?
64892
In base 3, what is -21 + 1001102212?
1001102121
In base 13, what is 53726 + 3?
53729
In base 16, what is ca1b + -3?
ca18
In base 4, what is -1 + 2303?
2302
In base 3, what is -120101201 - 12?
-120101220
In base 14, what is 157 + 12d?
286
In base 5, what is 210310103 + -3?
210310100
In base 16, what is -2750b + -2?
-2750d
In base 11, what is 26604 - -2?
26606
In base 2, what is -1000111101111110101 + 1?
-1000111101111110100
In base 8, what is -602 - -21?
-561
In base 8, what is 715 - -65?
1002
In base 6, what is 1121252 + -1?
1121251
In base 8, what is -3545 - 151?
-3716
In base 4, what is -220001 - -323?
-213012
In base 8, what is -20 - -123243?
123223
In base 11, what is 208089 + 2?
208090
In base 4, what is -113111 - 3323?
-123100
In base 5, what is 13200 - -121?
13321
In base 6, what is 1 + -22430?
-22425
In base 6, what is 255 - 202?
53
In base 13, what is 0 - -1617?
1617
In base 15, what is -2 + -14756?
-14758
In base 12, what is 3a4 - 30?
374
In base 11, what is -261 - 51?
-302
In base 4, what is 1 + 122211103?
122211110
In base 4, what is 323332302 + -3?
323332233
In base 14, what is -935 + -4?
-939
In base 11, what is 1820 - -4?
1824
In base 10, what is 25 + 40299?
40324
In base 14, what is 9384 + 1?
9385
In base 10, what is 5 + -2450?
-2445
In base 6, what is 1400 - 121?
1235
In base 4, what is 13120 - -1001000?
1020120
In base 10, what is -14 + 87252?
87238
In base 8, what is -54 - -140641?
140565
In base 14, what is -a00 - 96?
-a96
In base 2, what is 1001100011 - -1101?
1001110000
In base 10, what is -320 + -88?
-408
In base 13, what is -283 - -5?
-27b
In base 11, what is 2 + -18a23?
-18a21
In base 12, what is 3 - 276b?
-2768
In base 10, what is -40 + -326?
-366
In base 3, what is -20121010001002 - 1?
-20121010001010
In base 2, what is 101 - 1001000100100000110?
-1001000100100000001
In base 13, what is 46 - -227?
270
In base 5, what is 113324 - 2?
113322
In base 8, what is -26100602 - -5?
-26100575
In base 6, what is -1 + -235200?
-235201
In base 3, what is 220 + -1111100022?
-1111022102
In base 10, what is -38 + -64106?
-64144
In base 8, what is -4376257 - 3?
-4376262
In base 3, what is 12 + -112202222222?
-112202222210
In base 2, what is -11101 - 1110000100?
-1110100001
In base 15, what is -691 + -629?
-cba
In base 9, what is -17 - 120277?
-120305
In base 7, what is 1 - -2630045?
2630046
In base 2, what is -110110111111 - -10?
-110110111101
In base 8, what is 1 + -16065?
-16064
In base 2, what is 100100110011100 - -11?
100100110011111
In base 12, what is -45261 - 23?
-45284
In base 8, what is -1 - 1767633?
-1767634
In base 9, what is -2 + 1700?
1687
In base 12, what is -3 + 8001?
7bba
In base 13, what is -2bca1 - -51?
-2bc50
In base 6, what is -2 - 13554042?
-13554044
In base 13, what is -1 - -35a5b?
35a5a
In base 5, what is 4 + -3201141?
-3201132
In base 15, what is 433 - 81?
3a2
In base 2, what is -1001111000011100 - 1100100?
-1001111010000000
In base 11, what is 62a29 - 5?
62a24
In base 5, what is 1320 + -1044?
221
In base 16, what is -308 - -216?
-f2
In base 10, what is 17412 - -9?
17421
In base 6, what is -220 + -42332?
-42552
In base 8, what is -5075 - 3?
-5100
In base 16, what is -12 - -3e1?
3cf
In base 14, what is 1 + 53cdd?
53d00
In base 13, what is -7 - 30191?
-30198
In base 5, what is -130304 + 1?
-130303
In base 10, what is 77 - -573?
650
In base 14, what is 5 - 1c996?
-1c991
In base 14, what is 0 - 5c8aa?
-5c8aa
In base 12, what is -3 + -701aa1?
-701aa4
In base 6, what is -1220252 - -5?
-1220243
In base 8, what is -447765 + -4?
-447771
In base 12, what is -59 + 4b5?
458
In base 8, what is 1637 - -11?
1650
In base 9, what is 26530 + -1?
26528
In base 9, what is -107 - -161?
53
In base 12, what is 6486 - -39?
6503
In base 15, what is -13a + 1221?
10d6
In base 15, what is -4c8 + -8?
-4d1
In base 7, what is 112 - -11625?
12040
In base 14, what is 4cd - 144b?
-d5c
In base 7, what is -13605 - 220?
-14125
In base 7, what is -1235 + 4353?
3115
In base 13, what is b6864 - 4?
b6860
In base 11, what is 219172 - -2?
219174
In base 8, what is 160654 + 26?
160702
In base 9, what is 774033 - -4?
774037
In base 3, what is -12111111121 + 2?
-12111111112
In base 5, what is 3143013 + 2?
3143020
In base 9, what is 6 - -145770?
145776
In base 16, what is 3c27 + -4?
3c23
In base 16, what is -380 - -2c5?
-bb
In base 7, what is 410 + -303?
104
In base 13, what is c24c + -12?
c23a
In base 12, what is 7385a4 - 2?
7385a2
In base 8, what is 176345 + 36?
176403
In base 11, what is -5a4 - 142?
-736
In base 13, what is -4695 + 3?
-4692
In base 2, what is 100010101 - -10110000?
111000101
In base 14, what is 0 - 46aa?
-46aa
In base 5, what is -3 - -33221014?
33221011
In base 10, what is -187 + 12?
-175
In base 3, what is 100010222200 - 11?
100010222112
In base 3, what is 12011 - 112100?
-100012
In base 2, what is -1 + 10101111111?
10101111110
In base 9, what is 1678 - -223?
2012
In base 10, what is -266245 - -12?
-266233
In base 13, what is 5 - -43143?
43148
In base 14, what is 149 + -d?
13a
In base 12, what is -5 - -3b47?
3b42
In base 3, what is 2201222 - -200?
2202122
In base 16, what is -9fe8 + 9?
-9fdf
In base 6, what is 5 - 22110?
-22101
In base 12, what is 3 + 3803?
3806
In base 15, what is 27b2d + 0?
27b2d
In base 12, what is 2 + 8427b?
84281
In base 6, what is -443001 - 2?
-443003
In base 10, what is 187356 + -5?
187351
In base 3, what is 121002 - -2212?
200221
In base 10, what is -3 + 2098?
2095
In base 8, what is -504443 - 5?
-504450
In base 5, what is -11443113 - 43?
-11443211
In base 7, what is -2 - 205244?
-205246
In base 15, what is -17 - 3dea?
-3e12
In base 16, what is -6 + -5fdeb?
-5fdf1
In base 6, what is 3 + 155043?
155050
In base 13, what is -66 - 728?
-791
In base 8, what is 3111745 + 1?
3111746
In base 11, what is 60 + -192?
-132
In base 12, what is -1660 + -14?
-1674
In base 4, what is 31222231232 - 3?
31222231223
In base 16, what is -1393 